ue
Is 686 a factor of 195518?
False
Is 21 a factor of 37485?
True
Is 14055360 a multiple of 132?
True
Is 1029267 a multiple of 119?
False
Is 18 a factor of 16638354?
True
Does 26 divide 2783456?
True
Is 2007271 a multiple of 7?
True
Is 8063685 a multiple of 345?
True
Does 37 divide 167906?
True
Is 80 a factor of 652795?
False
Is 960144 a multiple of 8?
True
Is 128683 a multiple of 5?
False
Is 151308 a multiple of 467?
True
Does 19 divide 1066155?
False
Is 193041 a multiple of 2?
False
Does 29 divide 23258?
True
Is 141232 a multiple of 457?
False
Is 170 a factor of 62050?
True
Does 3 divide 5683?
False
Is 94 a factor of 3158405?
False
Does 1327 divide 2871628?
True
Is 33 a factor of 1326207?
False
Does 644 divide 4748071?
False
Is 1468254 a multiple of 5?
False
Does 498 divide 151392?
True
Is 4784 a multiple of 299?
True
Does 133 divide 14098?
True
Is 2 a factor of 400543?
False
Is 7 a factor of 558012?
True
Is 320790 a multiple of 170?
True
Is 438 a factor of 29948237?
False
Is 58038 a multiple of 3?
True
Is 7 a factor of 96082?
True
Is 14 a factor of 202668?
False
Is 38 a factor of 90418?
False
Is 9 a factor of 110572?
False
Is 8 a factor of 99726?
False
Is 632048 a multiple of 16?
True
Does 48 divide 1016?
False
Does 132 divide 92268?
True
Does 622 divide 5157065?
False
Is 51 a factor of 2567697?
True
Is 419 a factor of 4055699?
False
Does 17 divide 585361?
True
Does 137 divide 128794?
False
Is 8386941 a multiple of 257?
False
Is 75750 a multiple of 9?
False
Is 207522 a multiple of 42?
True
Is 3830738 a multiple of 24?
False
Is 36259 a multiple of 101?
True
Does 16 divide 93824?
True
Does 90 divide 293905?
False
Is 6507986 a multiple of 15?
False
Is 236405 a multiple of 184?
False
Is 1003 a factor of 2242824?
False
Is 402784 a multiple of 1312?
True
Is 125 a factor of 10280?
False
Is 52 a factor of 115856?
True
Is 5 a factor of 32705?
True
Is 26 a factor of 896433?
False
Is 148 a factor of 741776?
True
Is 4 a factor of 51721?
False
Does 2 divide 46427?
False
Does 171 divide 83277?
True
Is 195110 a multiple of 18?
False
Is 2750 a factor of 5326750?
True
Is 1576633 a multiple of 676?
False
Is 367227 a multiple of 229?
False
Is 955416 a multiple of 44?
True
Does 776 divide 119212?
False
Is 44874 a multiple of 162?
True
Is 44843 even?
False
Is 64551 a multiple of 10?
False
Is 902 a factor of 4012998?
True
Is 823 a factor of 6222703?
True
Does 9 divide 8382627?
True
Is 592844 a multiple of 434?
True
Is 146931 a multiple of 43?
True
Is 270083 a multiple of 11?
True
Is 128 a factor of 599027?
False
Is 62 a factor of 1070057?
False
Does 287 divide 21554889?
False
Does 36 divide 5122044?
True
Does 385 divide 12806644?
False
Is 61 a factor of 27253?
False
Does 25 divide 1168300?
True
Does 27 divide 1605528?
True
Is 987244 a multiple of 99?
False
Does 13 divide 6612391?
False
Is 439886 a multiple of 114?
False
Is 114 a factor of 355263?
False
Is 66 a factor of 160224?
False
Is 157625 a multiple of 13?
True
Is 88897 a multiple of 142?
False
Is 8 a factor of 34875?
False
Is 59 a factor of 152956?
False
Is 14 a factor of 1467452?
True
Is 26 a factor of 875143?
False
Does 15 divide 90?
True
Is 257022 a multiple of 289?
False
Is 12 a factor of 43594?
False
Is 75114 even?
True
Is 17050 a multiple of 22?
True
Is 9702880 a multiple of 10?
True
Is 160 a factor of 7965723?
False
Is 1534329 a multiple of 9?
True
Is 135565 a multiple of 19?
True
Is 42 a factor of 1429227?
False
Is 564580 a multiple of 10?
True
Does 12 divide 4668636?
True
Is 361 a factor of 206492?
True
Is 81 a factor of 680157?
True
Is 21 a factor of 11914?
False
Is 455206 even?
True
Is 4 a factor of 1224?
True
Does 81 divide 1627614?
True
Does 3 divide 1091121?
True
Does 60 divide 666877?
False
Is 161639 a multiple of 292?
False
Is 75624 a multiple of 164?
False
Is 1084160 a multiple of 110?
True
Does 1132 divide 3832952?
True
Is 12070842 a multiple of 87?
False
Is 152 a factor of 2901832?
True
Is 44 a factor of 17773548?
False
Does 187 divide 612425?
True
Does 78 divide 15663551?
False
Does 11 divide 2217941?
True
Does 12 divide 8508252?
True
Is 1788024 a multiple of 21?
True
Is 6460140 a multiple of 20?
True
Is 493073 a multiple of 169?
False
Does 331 divide 1137024?
False
Is 5549040 a multiple of 135?
True
Is 5829935 a multiple of 10?
False
Is 171 a factor of 27106864?
False
Does 282 divide 212628?
True
Is 2 a factor of 120518?
True
Does 12 divide 735629?
False
Does 160 divide 5145280?
True
Does 13 divide 37011?
True
Does 990 divide 2835144?
False
Does 51 divide 175695?
True
Is 352500 a multiple of 12?
True
Is 264988 a multiple of 8?
False
Is 80 a factor of 1747120?
True
Does 664 divide 178889?
False
Is 1839576 a multiple of 12?
True
Is 697 a factor of 448868?
True
Is 40 a factor of 345465?
False
Is 21 a factor of 2638311?
False
Is 7767264 a multiple of 96?
True
Is 9 a factor of 150516?
True
Is 298241 a multiple of 16?
False
Does 5 divide 278165?
True
Is 12 a factor of 5705532?
True
Does 96 divide 270307?
False
Is 650888 a multiple of 8?
True
Does 68 divide 31048?
False
Does 62 divide 6679322?
True
Is 6 a factor of 1754814?
True
Is 14 a factor of 1621732?
True
Does 71 divide 105861?
True
Is 2013435 a multiple of 45?
True
Is 34 a factor of 838440?
True
Does 145 divide 4920575?
True
Is 1518162 a multiple of 232?
False
Does 111 divide 602508?
True
Does 57 divide 3250004?
False
Is 247 a factor of 2403804?
True
Is 37 a factor of 4104?
False
Is 134200 a multiple of 110?
True
Does 99 divide 139830?
False
Is 6 a factor of 18762?
True
Is 11 a factor of 18352114?
True
Is 210 a factor of 600576?
False
Is 88 a factor of 103928?
True
Is 1633887 a multiple of 26?
False
Is 14607791 a multiple of 11?
True
Is 52 a factor of 3578796?
True
Is 20 a factor of 961489?
False
Is 34 a factor of 128058?
False
Is 13 a factor of 358968?
False
Is 5224092 a multiple of 27?
False
Is 578281 a multiple of 3?
False
Does 132 divide 3667884?
True
Does 96 divide 364128?
True
Is 1131 a factor of 18311336?
False
Is 69526 a multiple of 25?
False
Is 1834 a factor of 6424502?
True
Is 762 a factor of 958384?
False
Does 57 divide 108927?
True
Is 1688304 a multiple of 16?
True
Is 10691762 a multiple of 15?
False
Does 667 divide 1073203?
True
Does 21 divide 320290?
False
Is 15 a factor of 2922330?
True
Does 23 divide 3925668?
False
Is 125010 a multiple of 18?
True
Is 3 a factor of 29648?
False
Does 98 divide 87462?
False
Is 382 a factor of 193292?
True
Is 1815800 a multiple of 140?
True
Is 2394 a multiple of 266?
True
Does 199 divide 224491?
False
Does 15 divide 224981?
False
Does 27 divide 1333692?
True
Does 13 divide 3242321?
False
Does 23 divide 33281?
True
Is 3228284 a multiple of 27?
False
Does 5 divide 2956796?
False
Is 534805 a multiple of 7?
False
Is 201135 a multiple of 379?
False
Does 168 divide 438992?
False
Is 3 a factor of 42284?
False
Is 1182723 a multiple of 4?
False
Is 290376 a multiple of 296?
True
Is 386 a factor of 259286?
False
Does 751 divide 185497?
True
Does 203 divide 185136?
True
Is 21 a factor of 181584?
False
Is 111 a factor of 154734?
True
Is 1670189 a multiple of 6?
False
Is 811 a factor of 5686732?
True
Does 171 divide 49590?
True
Is 8 a factor of 2175256?
True
Is 6928313 a multiple of 404?
False
Does 102 divide 1369941?
False
Does 20 divide 35920?
True
Is 1375050 a multiple of 150?
True
Is 144 a factor of 774596?
False
Is 32790 a multiple of 3?
True
Is 98 a factor of 3210774?
True
Is 1811519 a multiple of 567?
False
Does 66 divide 897864?
True
Is 73072 a multiple of 4?
True
Is 29600 a multiple of 3?
False
Is 21 a factor of 16155747?
False
Is 129 a factor of 172421?
False
Is 1037 a factor of 3682275?
False
Is 5166145 a multiple of 253?
False
Is 12 a factor of 778764?
True
Does 8 divide 1441952?
True
Is 171114 a multiple of 19?
True
Is 1306844 a multiple of 43?
False
Is 62 a factor of 120652?
True
Is 113104 a multiple of 40?
False
Is 14455086 a multiple of 222?
True
Does 17 divide 24463?
True
Is 203 a factor of 102109?
True
Is 78520 a multiple of 104?
True
Does 642 divide 705314?
False
Does 46 divide 3967965?
False
Is 642768 a multiple of 14?
True
Does 265 divide 2742485?
True
Does 387 divide 1163322?
True
Is 369088 a multiple of 158?
True
Is 110926 a multiple of 31?
False
Is 16178 a multiple of 105?
Fal